-1ac7
Convert -875 (base 9) to base 3.
-222112
Convert 2744 (base 8) to base 5.
22013
Convert -1111011100101000 (base 2) to base 3.
-10012210102
What is -1030 (base 8) in base 3?
-201212
133223 (base 6) to base 10
12399
Convert 86274 (base 10) to base 5.
10230044
Convert -1477 (base 12) to base 8.
-4533
Convert -a7a (base 15) to base 6.
-14541
-1017 (base 8) to base 16
-20f
-2002 (base 5) to base 13
-165
Convert a5 (base 11) to base 15.
7a
Convert 738 (base 15) to base 14.
844
Convert -ce88 (base 16) to base 5.
-3142442
1313 (base 8) to base 10
715
What is 10221 (base 8) in base 6?
31345
What is -2202122120 (base 3) in base 4?
-31102110
10112212 (base 3) to base 10
2588
Convert -13100 (base 9) to base 8.
-21175
Convert -214 (base 16) to base 11.
-444
-1402a (base 12) to base 15
-8307
What is 28a42 (base 12) in base 15?
11c5b
461 (base 14) to base 3
1012012
What is -55d3 (base 16) in base 8?
-52723
Convert -21300 (base 4) to base 7.
-1551
30043 (base 9) to base 2
100110100001010
What is -100122021 (base 3) in base 13?
-3277
Convert -14b (base 14) to base 7.
-524
Convert 506 (base 8) to base 3.
110002
Convert -3351 (base 6) to base 16.
-313
Convert 6462 (base 10) to base 2.
1100100111110
What is -4c3 (base 15) in base 11?
-8a5
12233 (base 5) to base 13
577
What is 82b (base 13) in base 3?
1220110
Convert -3276 (base 8) to base 12.
-bba
What is 14506 (base 7) in base 10?
4024
-1cb1 (base 16) to base 7
-30262
662 (base 7) to base 6
1322
777 (base 8) to base 7
1330
1428 (base 10) to base 13
85b
23120 (base 4) to base 5
10403
41a7 (base 12) to base 10
7183
What is 16a5 (base 16) in base 7?
22621
Convert -120110000 (base 3) to base 2.
-10101111111011
-160 (base 11) to base 4
-2323
What is 2233013 (base 4) in base 8?
25707
2235 (base 10) to base 3
10001210
-13816 (base 13) to base 9
-55081
1c45 (base 13) to base 11
3243
What is -930 (base 10) in base 14?
-4a6
-2146 (base 7) to base 5
-11034
What is 1202 (base 6) in base 14?
16a
2122221100 (base 3) to base 4
30303123
Convert -517b (base 13) to base 9.
-16386
What is 602 (base 12) in base 3?
1012002
Convert -a99a (base 11) to base 3.
-201220100
What is -220020 (base 3) in base 13?
-3b4
What is -143c (base 14) in base 13?
-1827
-1087 (base 12) to base 13
-aab
7879 (base 15) to base 6
314123
What is -438 (base 13) in base 3?
-222210
19cd (base 15) to base 3
21200011
-2ab (base 12) to base 7
-1136
What is -f85f (base 16) in base 15?
-13c8d
What is 768 (base 9) in base 15?
2be
Convert 2112020100 (base 3) to base 9.
75210
-10000001110011010 (base 2) to base 16
-1039a
-4a00 (base 11) to base 4
-1212012
What is -60a (base 11) in base 8?
-1340
Convert 4133 (base 6) to base 9.
1233
14330 (base 5) to base 13
726
What is 4756 (base 9) in base 3?
11211220
What is 781 (base 13) in base 4?
110020
1bc7 (base 13) to base 7
15205
Convert -10561 (base 9) to base 13.
-3271
155333 (base 6) to base 15
48b0
2340 (base 5) to base 12
249
614 (base 16) to base 8
3024
What is -42232 (base 7) in base 14?
-3b19
Convert -44 (base 8) to base 13.
-2a
What is -12112 (base 3) in base 9?
-175
What is a69 (base 11) in base 9?
1677
What is -1344 (base 6) in base 14?
-1b2
-a047 (base 13) to base 8
-53015
What is b3 (base 15) in base 5?
1133
-2080 (base 10) to base 13
-c40
What is -243260 (base 7) in base 9?
-66788
63553 (base 7) to base 9
23504
Convert 1111000000 (base 2) to base 4.
33000
What is -204 (base 15) in base 11?
-383
Convert -9cc (base 14) to base 15.
-899
What is -36502 (base 8) in base 11?
-10867
-2610 (base 7) to base 9
-1316
-335 (base 11) to base 6
-1505
What is 17124 (base 12) in base 15?
9ba4
What is 20021120 (base 3) in base 4?
1013202
-1451 (base 13) to base 2
-101101111011
What is 6316 (base 7) in base 16?
8aa
-818 (base 9) to base 5
-10130
Convert -23472 (base 10) to base 13.
-a8b7
Convert 36535 (base 9) to base 4.
11332232
What is -300131 (base 6) in base 4?
-11231113
What is 2112 (base 6) in base 3?
122122
What is 12131 (base 5) in base 9?
1227
3132213 (base 4) to base 13
663c
What is 3524 (base 11) in base 8?
11020
117c (base 13) to base 8
4645
1166 (base 12) to base 6
13010
What is -37a (base 15) in base 5?
-11130
What is 1c5 (base 15) in base 6?
1522
-672 (base 15) to base 7
-4151
Convert -248 (base 14) to base 13.
-291
What is -22f (base 16) in base 12?
-3a7
Convert 554 (base 14) to base 2.
10000011110
Convert -9437 (base 11) to base 6.
-133515
What is -707 (base 10) in base 4?
-23003
Convert 1011010011 (base 2) to base 16.
2d3
Convert -224230 (base 5) to base 9.
-12051
What is 110110100100001 (base 2) in base 3?
1102022201
What is 7635 (base 8) in base 11?
3004
What is -1 (base 14) in base 10?
-1
What is -14430 (base 5) in base 9?
-1627
Convert 41a9 (base 12) to base 9.
10763
Convert 3073 (base 9) to base 10.
2253
ac2 (base 15) to base 16
980
Convert 221 (base 8) to base 15.
9a
-6c52 (base 13) to base 10
-15277
What is -2021 (base 15) in base 4?
-1221331
What is -122101 (base 3) in base 12?
-331
1a27 (base 11) to base 3
10112012
What is 266 (base 8) in base 4?
2312
1837 (base 11) to base 7
6551
What is -302 (base 11) in base 3?
-111112
1100 (base 13) to base 7
6620
625a (base 16) to base 3
1021112112
78552 (base 9) to base 15
1070b
Convert 435234 (base 6) to base 12.
18b1a
-11001100011010 (base 2) to base 14
-4aa6
Convert -232 (base 7) to base 2.
-1111001
Convert 17261 (base 8) to base 10.
7857
What is -82b (base 15) in base 5?
-24331
-1b1 (base 15) to base 12
-287
Convert 1001000001 (base 2) to base 15.
287
-5a21 (base 12) to base 16
-2779
Convert -2351 (base 7) to base 11.
-720
-14f (base 16) to base 14
-19d
What is a7b (base 12) in base 14?
7b9
What is 7d7 (base 14) in base 12?
aa1
What is 1102201 (base 3) in base 9?
1381
What is 2f0 (base 16) in base 12?
528
Convert -408 (base 16) to base 14.
-53a
What is 345 (base 13) in base 3?
202220
50b2 (base 15) to base 3
212101012
4590 (base 16) to base 2
100010110010000
Convert -bfb (base 16) to base 6.
-22111
What is -50510 (base 7) in base 10?
-12257
What is 101110011 (base 2) in base 4?
11303
Convert -ba (base 14) to base 4.
-2210
-1101001000 (base 2) to base 9
-1133
7b6b (base 14) to base 12
10503
2150 (base 7) to base 16
302
What is 2021032 (base 5) in base 11?
22585
Convert 100110111111 (base 2) to base 8.
4677
-42a23 (base 11) to base 15
-13791
Convert -2102022 (base 3) to base 15.
-7c8
What is -10d (base 14) in base 2?
-11010001
What is 180 (base 11) in base 2?
11010001
Convert -57a3 (base 11) to base 10.
-7615
What is 504514 (base 6) in base 4?
21233332
What is -289 (base 11) in base 16?
-153
Convert 1410 (base 12) to base 3.
10011210
What is -3a1 (base 11) in base 5?
-3344
What is -653 (base 10) in base 14?
-349
What is -925 (base 13) in base 8?
-3020
-14014 (base 10) to base 6
-144514
62565 (base 7) to base 11
10616
14fd (base 16) to base 15
18d3
Convert -2f1 (base 16) to base 10.
-753
Convert -41d (base 14) to base 7.
-2236
10213302 (base 4) to base 9
27863
What is -50418 (base 10) in base 15?
-ee13
Convert d06b (base 14) to base 15.
a8e7
Convert -2bb1 (base 12) to base 16.
-1435
What is -7144 (base 10) in base 15?
-21b4
-557 (base 9) to base 7
-1222
-11100001001010 (base 2) to base 15
-440a
What is -170 (base 13) in base 10?
-260
Convert -112032 (base 4) to base 6.
-10330
1b5 (base 14) to base 12
257
Convert dd (base 15) to base 16.
d0
What is 2254 (base 6) in base 7?
1366
Convert -1100111110000 (base 2) to base 13.
-303a
Convert -4024 (base 6) to base 10.
-880
15ca (base 15) to base 16
1252
-404134 (base 5) to base 11
-9889
13d9 (base 15) to base 2
1000010011110
What is 1437 (base 10) in base 3?
1222020
What is -523 (base 7) in base 2?
-100000110
Convert 21556 (base 8) to base 2.
10001101101110
What is -276 (base 15) in base 6?
-2333
Convert -110101001000100 (base 2) to base 12.
-138b0
What is -418 (base 12) in base 3?
-211002
Convert 517a2 (base 11) to base 5.
4403440
-290 (base 14) to base 10
-518
Convert -101234 (base 5) to base 8.
-6367
What is 250 (base 12) in base 14?
1ac
Convert -75553 (base 8) to base 16.
-7b6b
110100111110 (base 2) to base 15
1010
Convert -2686 (base 14) to base 2.
-1101001111110
What is -172 (base 14) in base 5?
-2141
-24110 (base 6) to base 13
-1791
What is 14100 (base 8) in base 6?
44424
What is -10000011010011110 (bas